hen 32 is divided by 19?
13
Calculate the remainder when 289 is divided by 64.
33
Calculate the remainder when 339 is divided by 91.
66
Calculate the remainder when 1087 is divided by 137.
128
Calculate the remainder when 148 is divided by 8.
4
What is the remainder when 188 is divided by 33?
23
What is the remainder when 214 is divided by 7?
4
Calculate the remainder when 118 is divided by 37.
7
What is the remainder when 228 is divided by 11?
8
Calculate the remainder when 869 is divided by 143.
11
What is the remainder when 1711 is divided by 16?
15
What is the remainder when 227 is divided by 5?
2
Calculate the remainder when 144 is divided by 52.
40
What is the remainder when 54 is divided by 12?
6
Calculate the remainder when 55 is divided by 15.
10
What is the remainder when 509 is divided by 316?
193
Calculate the remainder when 561 is divided by 7.
1
Calculate the remainder when 4487 is divided by 2243.
1
What is the remainder when 108 is divided by 11?
9
Calculate the remainder when 48 is divided by 26.
22
What is the remainder when 1918 is divided by 101?
100
What is the remainder when 1505 is divided by 42?
35
Calculate the remainder when 287 is divided by 54.
17
Calculate the remainder when 599 is divided by 25.
24
What is the remainder when 190 is divided by 29?
16
Calculate the remainder when 3360 is divided by 59.
56
What is the remainder when 154 is divided by 13?
11
What is the remainder when 1645 is divided by 405?
25
What is the remainder when 3425 is divided by 228?
5
What is the remainder when 761 is divided by 150?
11
What is the remainder when 39 is divided by 9?
3
What is the remainder when 1068 is divided by 190?
118
Calculate the remainder when 8153 is divided by 2710.
23
What is the remainder when 2219 is divided by 74?
73
Calculate the remainder when 204 is divided by 87.
30
Calculate the remainder when 47 is divided by 16.
15
What is the remainder when 341 is divided by 43?
40
What is the remainder when 128 is divided by 117?
11
Calculate the remainder when 6255 is divided by 298.
295
Calculate the remainder when 47 is divided by 31.
16
Calculate the remainder when 403 is divided by 15.
13
Calculate the remainder when 375 is divided by 42.
39
Calculate the remainder when 84 is divided by 17.
16
Calculate the remainder when 974 is divided by 195.
194
What is the remainder when 138 is divided by 58?
22
Calculate the remainder when 1210 is divided by 7.
6
Calculate the remainder when 218 is divided by 47.
30
What is the remainder when 51 is divided by 20?
11
What is the remainder when 56 is divided by 23?
10
What is the remainder when 178 is divided by 31?
23
What is the remainder when 304 is divided by 32?
16
Calculate the remainder when 209 is divided by 14.
13
What is the remainder when 928 is divided by 66?
4
What is the remainder when 642 is divided by 43?
40
Calculate the remainder when 238 is divided by 10.
8
What is the remainder when 275 is divided by 47?
40
What is the remainder when 24 is divided by 8?
0
What is the remainder when 2206 is divided by 1103?
0
What is the remainder when 91 is divided by 45?
1
Calculate the remainder when 359 is divided by 36.
35
Calculate the remainder when 839 is divided by 56.
55
Calculate the remainder when 975 is divided by 14.
9
Calculate the remainder when 1418 is divided by 33.
32
What is the remainder when 229 is divided by 23?
22
Calculate the remainder when 293 is divided by 49.
48
Calculate the remainder when 2638 is divided by 120.
118
Calculate the remainder when 190 is divided by 6.
4
What is the remainder when 259 is divided by 88?
83
Calculate the remainder when 643 is divided by 65.
58
Calculate the remainder when 102 is divided by 15.
12
What is the remainder when 963 is divided by 81?
72
Calculate the remainder when 1019 is divided by 166.
23
Calculate the remainder when 943 is divided by 88.
63
What is the remainder when 73 is divided by 39?
34
Calculate the remainder when 220 is divided by 105.
10
Calculate the remainder when 741 is divided by 188.
177
Calculate the remainder when 1106 is divided by 55.
6
Calculate the remainder when 167 is divided by 43.
38
Calculate the remainder when 476 is divided by 37.
32
What is the remainder when 191 is divided by 29?
17
What is the remainder when 277 is divided by 94?
89
What is the remainder when 137 is divided by 1?
0
What is the remainder when 27 is divided by 18?
9
Calculate the remainder when 446 is divided by 150.
146
Calculate the remainder when 443 is divided by 29.
8
What is the remainder when 80 is divided by 42?
38
What is the remainder when 164 is divided by 157?
7
What is the remainder when 99 is divided by 21?
15
What is the remainder when 890 is divided by 27?
26
What is the remainder when 320 is divided by 55?
45
Calculate the remainder when 160 is divided by 151.
9
What is the remainder when 531 is divided by 148?
87
What is the remainder when 135 is divided by 63?
9
What is the remainder when 54 is divided by 4?
2
What is the remainder when 791 is divided by 203?
182
Calculate the remainder when 382 is divided by 21.
4
What is the remainder when 263 is divided by 34?
25
What is the remainder when 62 is divided by 18?
8
Calculate the remainder when 268 is divided by 34.
30
What is the remainder when 5631 is divided by 16?
15
What is the remainder when 309 is divided by 34?
3
What is the remainder when 32 is divided by 13?
6
Calculate the remainder when 863 is divided by 800.
63
What is the remainder when 3190 is divided by 56?
54
Calculate the remainder when 936 is divided by 10.
6
What is the remainder when 1362 is divided by 65?
62
What is the remainder when 97 is divided by 25?
22
Calculate the remainder when 414 is divided by 138.
0
Calculate the remainder when 40 is divided by 38.
2
Calculate the remainder when 1011 is divided by 145.
141
Calculate the remainder when 519 is divided by 31.
23
Calculate the remainder when 1684 is divided by 3.
1
What is the remainder when 16379 is divided by 455?
454
What is the remainder when 5585 is divided by 21?
20
Calculate the remainder when 13093 is divided by 2.
1
What is the remainder when 5810 is divided by 149?
148
Calculate the remainder when 364 is divided by 73.
72
What is the remainder when 285 is divided by 173?
112
Calculate the remainder when 634 is divided by 49.
46
Calculate the remainder when 346 is divided by 6.
4
What is the remainder when 234 is divided by 24?
18
What is the remainder when 879 is divided by 155?
104
Calculate the remainder when 50 is divided by 1.
0
Calculate the remainder when 1565 is divided by 63.
53
What is the remainder when 175 is divided by 46?
37
What is the remainder when 368 is divided by 75?
68
What is the remainder when 24 is divided by 7?
3
Calculate the remainder when 740 is divided by 235.
35
What is the remainder when 669 is divided by 61?
59
Calculate the remainder when 2594 is divided by 59.
57
What is the remainder when 2197 is divided by 40?
37
Calculate the remainder when 57 is divided by 14.
1
Calculate the remainder when 28304 is divided by 9.
8
Calculate the remainder when 220 is divided by 9.
4
Calculate the remainder when 223 is divided by 35.
13
What is the remainder when 82 is divided by 28?
26
Calculate the remainder when 1637 is divided by 543.
8
What is the remainder when 252 is divided by 145?
107
What is the remainder when 70 is divided by 54?
16
Calculate the remainder when 25 is divided by 10.
5
What is the remainder when 633 is divided by 106?
103
What is the remainder when 10631 is divided by 12?
11
Calculate the remainder when 168 is divided by 85.
83
Calculate the remainder when 15 is divided by 14.
1
What is the remainder when 2138 is divided by 31?
30
Calculate the remainder when 44 is divided by 27.
17
What is the remainder when 12235 is divided by 3?
1
Calculate the remainder when 310 is divided by 68.
38
Calculate the remainder when 1310 is divided by 57.
56
What is the remainder when 26710 is divided by 212?
210
What is the remainder when 72 is divided by 29?
14
Calculate the remainder when 399 is divided by 120.
39
What is the remainder when 14 is divided by 4?
2
What is the remainder when 1176 is divided by 131?
128
Calculate the remainder when 111 is divided by 45.
21